 Give k(-2).
1
Let j(c) = -157*c - 4. Let y(n) = 89*n + 3. Let w(t) = 4*j(t) + 7*y(t). Give w(-13).
70
Let f(u) = -2*u**2 - 15*u - 20. Let d be f(-5). Let y(o) = o**3 + 5*o**2 + d - 2 - 5*o + 0 - 1. Give y(-6).
-4
Let s(o) = 31*o - 68043 - 68039 + 136057. Determine s(4).
99
Let m(g) = -14*g**2 + 8*g + 32. Let z(u) = -7*u**2 + 3*u + 16. Let d(l) = -2*m(l) + 5*z(l). Let a(t) be the first derivative of d(t). Give a(1).
-15
Suppose 116*j - 716 = -92*j + 1156. Suppose -q + 1 = 0, v + 7*q = 4*q + 5. Let r(p) = -p**v - j*p - 2*p + 0*p + 2*p. Determine r(-4).
20
Let i(k) = -9998 - 4*k**2 + k - k**2 + k**2 - 5*k - k**3 + 10007. Calculate i(-5).
54
Let y(u) = -5*u + 133. Let g(r) = -9*r + 97. Let z be g(8). Let l be y(z). Let c(m) = -m**3 + 8*m**2 - m + 8. Determine c(l).
0
Let c(q) = 2*q - 12. Let u(k) = -4*k**2 + 137*k - 48. Let v be u(34). Calculate c(v).
-40
Let t(v) = 94*v - 53*v + 1 - 55*v + 15*v**2 + v**3 + 13. Give t(-16).
-18
Suppose 78*h + 20*h - 2163 = -5*h. Let v(u) = u**3 - 22*u**2 + 24*u - 57. Give v(h).
6
Let r(y) = 31*y**2 - y + 1. Let l(m) = 2*m**3 + 103*m**2 + 59*m + 409. Let k be l(-51). Give r(k).
31
Suppose s = o - 3*o + 6, 5*s = 3*o + 4. Let x = 106 - 97. Let r(d) = -6*d - d**3 + x*d - 1 + 2*d**3. Calculate r(o).
13
Let b(n) be the first derivative of 2*n**3/3 - 11*n**2 - 31*n + 2. Calculate b(11).
-31
Suppose 53 = h + n, 4*h - h - 4*n = 152. Let v(g) = -179*g + 90*g + h*g. Determine v(1).
-37
Let s(b) be the third derivative of -b**6/120 - 2*b**5/15 + 7*b**4/24 - b**3/6 + b**2 + 260. Determine s(-9).
17
Let m(o) be the first derivative of o**2/2 - 7*o - 6. Let f(c) = -2*c**3 - 2*c - 1. Suppose -7 = 5*h - 2. Let p be f(h). Give m(p).
-4
Let k(m) be the second derivative of -m**4/12 - m**3/3 - 5*m**2/2 + 947*m + 4. Calculate k(-3).
-8
Let b(k) = k + 2. Let q(n) = -2. Let f(i) = -10*i - 15. Let d(r) = -f(r) + 4*q(r). Let z(c) = -3*b(c) + d(c). What is z(2)?
15
Let j be (-2 + 0)/(2/(-17)). Let x = 15 - j. Let h be ((-1)/(-1))/((x/(-3))/2). Let m(n) = -2*n - 2. What is m(h)?
-8
Let s be (-2)/(-19) + 16 + (-3752)/266. Let o(v) = -10*v + 5*v - 8*v + 12*v + v**s + 17 - 7. Suppose u + 0*u - 2*b + 6 = 0, -u + 3*b - 9 = 0. Determine o(u).
10
Suppose -12 = 4*p + 8 - 4. Let v(r) = 21*r. Give v(p).
-84
Let b be (2 + 0)/(-1 + 20/16). Let f(i) = -8060 - 2*i + i**2 - 4*i + 8047. What is f(b)?
3
Let q = -6817 - -6826. Let g(c) = c**2 + c. Let k(l) = -5*l**2 - 11*l - 13. Let o(s) = -6*g(s) - k(s). Determine o(q).
-23
Let v(f) = 8*f**2 + 74*f + 21. Let a be v(-9). Suppose -5*n = -7*n + a*g - 15, 2*g - 26 = 4*n. Let l(u) = -3*u**2 + 5*u**2 - 3*u**2 + 4 - 3*u. Calculate l(n).
-14
Let n(c) = -c**3 + 6*c**2 - 5*c - 9. Let q be n(4). Let d(t) = 5 + 2*t**2 - q*t**3 + 4*t**3 - 2*t - 1 - 3. Calculate d(1).
2
Let f(n) = -4*n**2 + 17*n. Let t(u) = -20*u**2 + 87*u + 1. Let m(y) = 11*f(y) - 2*t(y). What is m(6)?
-68
Let y(x) = -x**3 + 59*x**2 + 63*x - 169. Suppose 8*a + 2460 = 61*a - 12*a. What is y(a)?
11
Let x be 8*(62/(-24) + 4/3). Let q(n) = n**3 + 11*n**2 + 11*n + 15. Calculate q(x).
5
Suppose -63*i = -53*i - 20. Let j(o) = 7 - 10 + 11*o - 2*o**2 + 3*o**i + 1. Determine j(-11).
-2
Let z be 14/(-4)*44/(-77). Suppose 4*h + 4*p - 40 = 0, -3*h - p = -z*p - 14. Let x(v) = -3 + h*v + v**3 - 4*v + 3 - 3*v**2. What is x(2)?
0
Let h(v) = -v**3 - v**2 + 5*v - 2. Let b(y) = -340*y - 4764. Let g be b(-14). Give h(g).
26
Suppose 8 = 2*h + 2*b - 3*b, -3*b = -3*h + 18. Let i(q) = -5*q - h + 4*q + q - q. Let d(n) = -n**3 - 16*n**2 - 59*n + 28. Let z be d(-7). Determine i(z).
-2
Let y(q) = 41*q + 13*q**2 + 206*q**3 - 102*q**3 + 10 - 103*q**3. What is y(-7)?
17
Let x = 20 + -17. Suppose 3*o = 4*h + 12, -x*h = -0*o + o - 4. Let a(u) be the third derivative of -u**4/8 + 2*u**3/3 + 24*u**2 + 7. What is a(o)?
-8
Let y(b) = -b + 4. Let k be (-7 - -7) + (-26)/(-2). Let h = 11 + k. Let z be (-6)/(-4)*112/h. Give y(z).
-3
Let g(o) = -4 + 0*o - 5*o + 2*o. Let a(i) = -20*i**3 + 5*i + 11. Let d(q) = 4*q**3 - q - 2. Let k(m) = 2*a(m) + 11*d(m). Let r be k(-1). What is g(r)?
5
Let w = 4259 - 4264. Let f(g) = g**3 + 3*g**2 - 6*g - 9. Determine f(w).
-29
Let q(a) = -a**3 - a**2 + 3*a + 2. Let d be 16 - 1 - (2 + -3). Let r(x) = -8*x + 293*x**2 - x - 292*x**2 + d. Let g be r(6). Calculate q(g).
0
Let f(j) = 46*j + 21. Let t(i) = -11*i - 13. Let o(v) = -2*f(v) - 9*t(v). What is o(-14)?
-23
Let u be -3 - 3 - -5 - (-1)/1. Let s(k) = -5*k**3 - 14*k - 109. Let n(f) = 2*f**3 + 6*f + 54. Let l(h) = -7*n(h) - 3*s(h). Give l(u).
-51
Let r(k) = k**2 + 8*k + 12. Let v be r(-7). Let f(x) = x**2 - 3*x - 2. Let u be f(v). Suppose -32 = -u*h + 16. Let g(t) = -t**3 + 6*t**2 - 6. Give g(h).
-6
Let q be (-7 - -10 - 0/(-2)) + -2. Let m(n) be the third derivative of 1/6*n**3 - 4*n**2 - 11/24*n**4 + 0 + 0*n. Determine m(q).
-10
Let r(k) be the first derivative of -k**3/3 + 23*k**2/2 - 53*k - 3102. Calculate r(21).
-11
Let n(i) be the third derivative of i**5/12 + 37*i**4/24 + 4*i**3/3 + 4747*i**2. Determine n(-7).
-6
Suppose -2*l + 2*d - 2 = -0*d, -3*l - 2*d + 12 = 0. Let n(j) = j + 4. Let m(f) = 4*f + 10. Let p(x) = l*m(x) - 5*n(x). Give p(-4).
-12
Let f(b) = -2*b**2 + 15*b + 11. Let c = -21 - -29. Let z be f(c). Let n(u) = 9*u - 4. What is n(z)?
23
Let t(c) be the first derivative of -c**4/4 - 2*c**3 + c**2/2 + 10*c + 1136. What is t(-6)?
4
Let n(r) = -2*r + 5. Suppose -5*u = 9*u - 112. Let t(a) = -17*a + 138. Let g be t(u). What is n(g)?
1
Let q be 2/(-4) - 126/36. Let f(l) be the third derivative of l**6/120 + l**5/15 + l**4/6 - l**3/3 + l**2 - 44*l. What is f(q)?
-18
Let q(x) be the third derivative of x**6/30 - x**5/60 + x**3/6 + 3*x**2. Suppose -5*c + 63 = 13. Suppose 11 = y + c*y. What is q(y)?
4
Let c(i) be the third derivative of i**6/120 - i**5/10 - 7*i**4/24 - i**3 + i**2. Let p = 165 - 150. Suppose -5*g + p = 2*f - 14, -f - 24 = -3*g. What is c(g)?
-6
Let h(p) = p + 13. Let m be (-27)/(-18)*2/3 - -5. Let t be -4 - ((-6)/4)/(m/(-12)). Let y(d) = d**3 + 7*d**2 - d - 16. Let k be y(t). Give h(k).
4
Let m(g) = -g**3 + 8*g**2 + 2*g + 8. Let i be m(9). Let a = i + 53. Let f(x) = 0 - 19*x - 1 + x**3 + 18*x + 2*x**2 + x**3. Determine f(a).
-7
Let k(g) = 2*g - 5. Let p = 14 - 9. Let l(f) = 3*f - 8. Let c(z) = p*k(z) - 3*l(z). Calculate c(-6).
-7
Let v(a) = a + 49. Let o = 3968 - 3986. What is v(o)?
31
Let r = -19 + 31. Suppose 0 = 5*t + r + 3. Let w(j) be the second derivative of -j**3/6 + 2*j**2 - 7*j - 6. Calculate w(t).
7
Let r(z) = z**3 - 9*z**2 + 6*z - 7. Let f be (-6 - 30)*18/(-72). What is r(f)?
47
Let q(s) = -3*s + 18. Let z be -5 - ((-13)/2 + (-18)/12). Determine q(z).
9
Let m(s) = 3*s**2 - 27*s + 11. Let q be m(9). Let l(c) = -7*c + 1 + 0*c - 5*c + q*c + 4. Calculate l(0).
5
Let o(q) = -q**3 + 3*q**2 - 4*q + 4. Suppose 2*h - 8*f - 3 = -5*f, 0 = -4*f + 4. Let x be o(h). Let a(u) = -5*u - 8. What is a(x)?
32
Suppose 233 - 217 = d. Suppose -d*t + 14 = -18. Suppose -5*u = -j + t*j + 21, j + 3*u = -13. Let x(y) = 3*y**3 + y**2 + y. What is x(j)?
-3
Let h(c) = 21*c + 76. Let x(u) = -11*u - 37. Let y(g) = -4*h(g) - 9*x(g). Let d(k) = k + 6. Let z(v) = 6*d(v) - y(v). Give z(5).
-38
Suppose -12 = k - 0*k - x, 5*k + 60 = 4*x. Let f be ((-4)/k)/(2/(10 + 2)). Suppose 5 = f*b + 15. Let r(d) = d**2 + 4*d + 3. Determine r(b).
8
Let m(l) = 3*l**3 - 2*l**2 + 2*l - 1. Let f be 15/3 + (-3 - 1). Let j be m(f). Let z(r) = r**j + 12*r - 20*r + 9*r - 7. Give z(-5).
13
Let b(p) = -6*p**3 - 13*p**2 - 36*p + 32. Let y(s) = 5*s**3 + 14*s**2 + 34*s - 30. Let t(v) = 6*b(v) + 7*y(v). Give t(21).
3
Let d(f) be the third derivative of 13*f**4/24 + 7*f**3/3 + 616*f**2. What is d(-1)?
1
Let c(t) = -104 + t**3 - 24*t + 12*t**2 + 308 - 153. Calculate c(-14).
-5
Let s(c) = c**3 + 3*c**2 - 3*c + 23. Let b = 6964 + -6968. Calculate s(b).
19
Let u(j) = -4 + 9 - 15*j - 3. Let x(h) = -7*h + 1. Let p(l) = -6*u(l) + 13*x(l). Suppose -13 + 23 = 2*w. Calculate p(w).
-4
Let t(c) be the third derivative of -c**8/6720 - c**6/720 - c**4/12 + c**3/6 - 5*c**2. Let z(l) be the second derivative of t(l). What is z(0)?
0
Let h(v) = -v**2 - v + 14. Let k be h(3). Let s(z) = 2*z - 6*z - 6 - 3*z**2 + 2*z**k. Calculate s(-5).
-11
Suppose 4*t - 5*j - 25 - 56 = 0, 4*t - 3*j - 71 = 0. Let f(h) = h**2 - 18*h + 25. Determine f(t).
-31
Let v(x) = -9*x + 96.